). What is the greatest common divisor of x and f?
32
Let t be (16/8)/((-1)/(-1)). Suppose 0 = t*s + 2, 0 = 2*l - 3*l - 2*s + 25. Let y = -7 + l. What is the greatest common divisor of 140 and y?
20
Suppose 105 = -19*g + 352. Suppose 41 = t - 102. Calculate the highest common factor of t and g.
13
Let f be (-6 + 47)*(-6 + 5). Let s be (-40)/8 + f/(4 + -5). What is the highest common divisor of s and 36?
36
Suppose -45*b = -4*s - 43*b + 82, -5*s - 4*b + 109 = 0. Let o be 8 + -2*(-3)/(-6). What is the greatest common divisor of s and o?
7
Let b = -144 + 218. Suppose 5*d - 3*w = -377, 4*d - w + 149 = -154. Let j be 3*(-3)/(-18) - 14022/d. What is the highest common factor of b and j?
37
Let i = -11707 - -12805. Calculate the greatest common factor of 2013 and i.
183
Let a = 38006 - 32952. What is the greatest common divisor of 532 and a?
266
Let m = 16 + -13. Suppose -5*i + 11 + m = z, -3*z - 9 = -2*i. Suppose 2*x + 7 = -i, 4*x - 90 = -d. What is the highest common divisor of 20 and d?
10
Let w(d) = 6*d - 20. Let b(m) = -10*m - 25. Let t be b(-3). Let c be w(t). What is the greatest common factor of 410 and c?
10
Let a(i) = 66*i**3 - 17*i**2 - 10*i + 11. Let o be a(3). Calculate the highest common divisor of o and 21.
7
Let l(t) = 5*t**3 + 4*t**2 + 5*t - 13. Let x be l(4). Calculate the greatest common factor of x and 207.
23
Let q be (-8)/(-12) - (-25)/3. Let s be ((-21)/q - -2) + (-481)/(-3). What is the greatest common divisor of s and 40?
40
Suppose 0 = -240*a + 225*a + 1650. What is the greatest common divisor of a and 430?
10
Let f = 14646 - 13694. What is the highest common divisor of 168 and f?
56
Let z be 2*(4/10 + (-202)/(-20)). Let c = z - 11. Let v(u) = u**2 + 11*u - 8. Let q be v(-12). What is the greatest common factor of q and c?
2
Let k(i) = -112*i + 341. Let a be k(3). What is the greatest common divisor of a and 1670?
5
Let c(f) = -37*f - 4. Let s(z) = -34*z - 5. Let k(w) = -3*c(w) + 4*s(w). Let a be k(-20). What is the highest common divisor of 12 and a?
12
Let n = -738 - -442. Let y = n - -298. What is the greatest common factor of y and 58?
2
Let q(c) = -73*c - 5774. Let p be q(-95). Calculate the highest common factor of p and 731.
43
Let l = -33 - -35. Suppose -2*o + 3*c - 20 = 0, -o + 2*c - 20 = -l*c. Let j be -33*(6 + o - 5). Calculate the highest common divisor of j and 11.
11
Let k be -8*(-299)/52 + -24. Let c = 135 + 107. Calculate the highest common divisor of c and k.
22
Let w(d) = -8*d**2 + 19*d + 18. Let l be w(3). Let g be -1 + 132 + (-6)/3. What is the highest common divisor of g and l?
3
Suppose 0 = -3*q - q + 20. Suppose -4*f - 15 = -q*t, -t + 0*t - 18 = -5*f. Let y be 140/(-6)*36/(-15) + 0. Calculate the greatest common factor of t and y.
7
Suppose 2*q - 1782 = 2*p, 0 = 3*p + 79 - 85. Calculate the highest common divisor of q and 423.
47
Suppose -4 = 2*p, 3*q - 3*p - 13 = 11. Suppose g = -2*s + q, -3*g = -g - 4*s - 36. Suppose 12*l = 5*l + 84. Calculate the greatest common factor of g and l.
12
Let y(v) = -2*v**2 + 32*v - 7. Let n be (6/(-4) + (-47)/(-10))*5. Let p be y(n). Let s = 3 - p. What is the greatest common divisor of 35 and s?
5
Let f = -80 - -35. Let z be (-24)/10*f/2. Let s = 89 - z. What is the greatest common factor of s and 21?
7
Let g = 380 + -312. What is the greatest common divisor of 11084 and g?
68
Let r(l) = 9*l + 72. Let u be r(-8). Suppose k + 30*y - 29*y - 168 = u, -4*k + 4*y = -648. What is the greatest common divisor of k and 110?
55
Let n be ((-9756)/15176)/(3/(-182)). Let p(g) = -79*g - 8. Let x be p(-8). Calculate the highest common divisor of n and x.
39
Let t = 26141 - 26077. Suppose -5*d + 24 = 4. What is the highest common factor of t and d?
4
Suppose j = -0*j + 27446 + 15677. What is the highest common factor of j and 29?
29
Let w be ((-313470)/36 + -9)*-2. Calculate the greatest common divisor of w and 39.
39
Let j(r) = -3*r**2 + 0*r - 6*r + r**3 + 0 - 5. Let d be j(5). Let u = d + -13. Calculate the greatest common factor of u and 18.
2
Let p(f) = 5*f - 56. Suppose 4*j = 2*x + 52, 0*j = j - x - 14. Let n be p(j). Calculate the greatest common factor of 188 and n.
4
Let z = 23 + -23. Suppose h + 1367 = 4*d + 332, z = -2*d + 3*h + 515. Calculate the greatest common divisor of 7 and d.
7
Let l(j) = -72*j - 774. Let h be l(-14). Calculate the highest common divisor of 11466 and h.
234
Suppose 15 = 4*b - 17. Suppose -5*d + b*d + 12 = 0. Let f = d - -41. What is the greatest common divisor of 74 and f?
37
Let k = -43787 + 43919. Suppose 3*y - 5*z = 970, -y - 5*z = -2 - 348. Calculate the greatest common divisor of k and y.
66
Let s be (360/(-55))/(310/(-1705)). Let w(b) = b**3 + b**2 + 864. Let l be w(0). Calculate the greatest common divisor of l and s.
36
Let l(h) = 29*h**3 - 33*h**3 - 8*h**2 + 25 + 3*h**3 - 12*h. Let d be l(-7). Calculate the highest common divisor of 70 and d.
10
Let y be 198/528 + (-2391)/(-24). What is the highest common divisor of y and 640?
20
Let m(r) = -r**2 + 6*r + 15. Let t be m(5). What is the greatest common factor of 4850 and t?
10
Let b be 86/30 + 1012/165 + -6. What is the highest common divisor of b and 183?
3
Let u be (-6)/3*285/(-10). Let c be (12/15)/(1 - (-274)/(-275)). Suppose -c = -4*h - 68. What is the highest common divisor of h and u?
19
Let n = 197 - 195. Let z be -4 + n - (-27 + 14). What is the greatest common factor of 99 and z?
11
Suppose -5*s - 4*u + 2700 = 0, -37*s - 1080 = -39*s - 5*u. Let d = s - 529. Calculate the highest common factor of d and 473.
11
Let m = 11125 + -1269. What is the highest common divisor of 154 and m?
154
Let t(a) = a + 21. Let f be 0/(-1 - 0 - 0). Let b be t(f). Let z be ((-15)/12)/1 + (-11)/(-44) + 4. What is the greatest common factor of z and b?
3
Suppose -5*u = -4*v + 101, -v - 4*u + 41 + 0 = 0. Let l(k) = -k**3 + 33*k**2 - 60*k + 26. Let t be l(v). What is the greatest common factor of t and 66?
66
Let n(w) = 8*w - 30. Let d be n(9). Let s be (660/45)/(4/d). Calculate the highest common factor of s and 28.
14
Suppose 2*b - 2209 + 2167 = 0. Suppose -51*q = -b*q - 7410. Calculate the highest common factor of 95 and q.
19
Suppose 389*m - 384*m - 1428 = 3*p, -4*m - 4*p = -1136. Calculate the highest common factor of 1045 and m.
95
Suppose -j = 5*c - 6 - 104, 2*c - 37 = j. What is the highest common factor of c and 375?
3
Let j(s) = -1318*s - 9872. Let n be j(-8). Calculate the greatest common divisor of 1400 and n.
56
Let b(q) = q**2 + 3*q. Let r be b(-1). Let f(x) = -x**3 + 2*x**2 - 5*x - 5. Let p be f(r). Calculate the highest common divisor of 35 and p.
7
Let v = 26893 - 24441. Calculate the highest common divisor of v and 16.
4
Let p be 696/9 + 4/(-12). Suppose -w = -p - 3. Let g = 64 + w. Calculate the greatest common divisor of 18 and g.
18
Suppose 4*d + 1044 - 1548 = 4*h, 5*h - 35 = 0. Let f be 1 + -2 + 40 + -1. What is the greatest common factor of f and d?
19
Let y = -1301 - -2533. Calculate the greatest common factor of y and 539.
77
Let x = -8601 - -8918. Calculate the greatest common factor of x and 26311.
317
Suppose 1765 = i - 5*k, 4*i - 7037 = 67*k - 70*k. What is the highest common factor of i and 160?
160
Let o be 4 + 189/72 - (-6)/16*1. What is the greatest common divisor of 973 and o?
7
Suppose -197940 = -180*p - 78060. Calculate the greatest common divisor of p and 1098.
18
Let x be 110/(45/90 - (1 - 1)). Calculate the greatest common factor of x and 3575.
55
Let o be 3013 - (-42 - 3)/(-9). Calculate the highest common factor of o and 64.
64
Suppose -12 = -4*f - 0, 0 = -2*j + 5*f + 9. Suppose j*b = 5*a + 11*b - 280, -4*a + 208 = -4*b. What is the greatest common divisor of 38 and a?
19
Let h be (-7 - (-785)/25)/(2/20). Suppose 3*n = h - 52. Calculate the greatest common factor of 120 and n.
8
Let v(f) be the first derivative of -f**4/4 - 8*f**3/3 + 11*f + 2. Let q be v(-8). Let x = -19473 - -19561. What is the greatest common divisor of q and x?
11
Suppose 6*u - 51612 = -u - 16*u. Calculate the highest common divisor of 330 and u.
66
Suppose 620 = 5*p - 4*y, -2 - 123 = -p + y. Let h = -1842 + 1914. Calculate the highest common factor of p and h.
24
Suppose -i + 10*i + 636 = 1563. What is the greatest common divisor of i and 206?
103
Let v = -7397 - -7398. Suppose 0 = -2*u + 56 - 